{"id":1634,"date":"2021-08-26T15:18:25","date_gmt":"2021-08-26T13:18:25","guid":{"rendered":"https:\/\/acedl.com\/?page_id=1634"},"modified":"2021-08-26T15:51:39","modified_gmt":"2021-08-26T13:51:39","slug":"mission-mise-en-place-rgpd","status":"publish","type":"page","link":"https:\/\/acedl.com\/index.php\/mission-mise-en-place-rgpd\/","title":{"rendered":"Mission mise en place RGPD"},"content":{"rendered":"<h1>RGPD : R\u00e8glement g\u00e9n\u00e9ral sur la protection des donn\u00e9es<\/h1>\n<blockquote><p>\nLe RGPD est un dispositif obligeant toute entreprise \u00e0 s\u00e9curiser les informations relatives \u00e0 une personne.<\/p><\/blockquote>\n<p>Ainsi les principales donn\u00e9es vis\u00e9es sont :<\/p>\n<ul>\n<li>son nom,<\/li>\n<li>son courriel,<\/li>\n<li>un matricule (num\u00e9ro de s\u00e9curit\u00e9 sociale),<\/li>\n<li>une adresse IP,<\/li>\n<li>une photo,<\/li>\n<li>une vid\u00e9o,<\/li>\n<li>un RIB<\/li>\n<\/ul>\n<p>Le RGPD a ainsi octroy\u00e9 aux citoyens europ\u00e9ens une protection accrue des donn\u00e9es personnelles.<br \/>\nIl est fort probable que votre entreprise utilise ces donn\u00e9es sensibles dans le cadre de son activit\u00e9 normale.<\/p>\n<p><strong>Mais \u00eates vous certain d&rsquo;\u00eatre en conformit\u00e9 avec cette obligation ?<\/strong><br \/>\nEn cas de d\u00e9faillance (cyber attaque, virus, incidents physiques, malveillance en interne), les sanctions du non respect du r\u00e8glement ne sont pas anodines.<br \/>\nLes amendes pouvant \u00eatre prononc\u00e9es en cas de mise en responsabilit\u00e9 peuvent aller jusqu\u2019\u00e0 4 % du chiffre d&rsquo;affaires de la soci\u00e9t\u00e9 ou 20 M\u20ac; sans que votre responsabilit\u00e9 civile ne puisse vous couvrir.<br \/>\nEn effet, vous devez souscrire une police d&rsquo;assurances sp\u00e9cifique \u00e0 ce risque.<\/p>\n<h2>Vous souhaitez vous assurer que votre soci\u00e9t\u00e9 respecte bien le r\u00e8glement, notre cabinet d\u2019expertise comptable et d\u2019Audit ACE DL, vous accompagne dans la mise en place du RGPD au sein de votre entreprise, et peut \u00e9galement vous conseiller dans les outils et proc\u00e9dures \u00e0 utiliser en accord avec les pr\u00e9conisations de la CNIL.<\/h2>\n","protected":false},"excerpt":{"rendered":"<p>RGPD : R\u00e8glement g\u00e9n\u00e9ral sur la protection des donn\u00e9es Le RGPD est un dispositif obligeant toute entreprise \u00e0 s\u00e9curiser les informations relatives \u00e0 une personne. Ainsi les principales donn\u00e9es vis\u00e9es &#8230;<\/p>\n","protected":false},"author":1,"featured_media":0,"parent":0,"menu_order":0,"comment_status":"closed","ping_status":"closed","template":"","meta":{"footnotes":""},"class_list":["post-1634","page","type-page","status-publish","hentry"],"yoast_head":"<!-- This site is optimized with the Yoast SEO plugin v27.4 - https:\/\/yoast.com\/product\/yoast-seo-wordpress\/ -->\n<title>Mission mise en place RGPD - ACE DL<\/title>\n<meta name=\"robots\" content=\"index, follow, max-snippet:-1, max-image-preview:large, max-video-preview:-1\" \/>\n<link rel=\"canonical\" href=\"https:\/\/acedl.com\/index.php\/mission-mise-en-place-rgpd\/\" \/>\n<meta property=\"og:locale\" content=\"fr_FR\" \/>\n<meta property=\"og:type\" content=\"article\" \/>\n<meta property=\"og:title\" content=\"Mission mise en place RGPD - ACE DL\" \/>\n<meta property=\"og:description\" content=\"RGPD : R\u00e8glement g\u00e9n\u00e9ral sur la protection des donn\u00e9es Le RGPD est un dispositif obligeant toute entreprise \u00e0 s\u00e9curiser les informations relatives \u00e0 une personne. Ainsi les principales donn\u00e9es vis\u00e9es ...\" \/>\n<meta property=\"og:url\" content=\"https:\/\/acedl.com\/index.php\/mission-mise-en-place-rgpd\/\" \/>\n<meta property=\"og:site_name\" content=\"ACE DL\" \/>\n<meta property=\"article:modified_time\" content=\"2021-08-26T13:51:39+00:00\" \/>\n<meta name=\"twitter:card\" content=\"summary_large_image\" \/>\n<meta name=\"twitter:label1\" content=\"Dur\u00e9e de lecture estim\u00e9e\" \/>\n\t<meta name=\"twitter:data1\" content=\"1 minute\" \/>\n<script type=\"application\/ld+json\" class=\"yoast-schema-graph\">{\"@context\":\"https:\\\/\\\/schema.org\",\"@graph\":[{\"@type\":\"WebPage\",\"@id\":\"https:\\\/\\\/acedl.com\\\/index.php\\\/mission-mise-en-place-rgpd\\\/\",\"url\":\"https:\\\/\\\/acedl.com\\\/index.php\\\/mission-mise-en-place-rgpd\\\/\",\"name\":\"Mission mise en place RGPD - ACE DL\",\"isPartOf\":{\"@id\":\"https:\\\/\\\/acedl.com\\\/#website\"},\"datePublished\":\"2021-08-26T13:18:25+00:00\",\"dateModified\":\"2021-08-26T13:51:39+00:00\",\"breadcrumb\":{\"@id\":\"https:\\\/\\\/acedl.com\\\/index.php\\\/mission-mise-en-place-rgpd\\\/#breadcrumb\"},\"inLanguage\":\"fr-FR\",\"potentialAction\":[{\"@type\":\"ReadAction\",\"target\":[\"https:\\\/\\\/acedl.com\\\/index.php\\\/mission-mise-en-place-rgpd\\\/\"]}]},{\"@type\":\"BreadcrumbList\",\"@id\":\"https:\\\/\\\/acedl.com\\\/index.php\\\/mission-mise-en-place-rgpd\\\/#breadcrumb\",\"itemListElement\":[{\"@type\":\"ListItem\",\"position\":1,\"name\":\"Accueil\",\"item\":\"https:\\\/\\\/acedl.com\\\/\"},{\"@type\":\"ListItem\",\"position\":2,\"name\":\"Mission mise en place RGPD\"}]},{\"@type\":\"WebSite\",\"@id\":\"https:\\\/\\\/acedl.com\\\/#website\",\"url\":\"https:\\\/\\\/acedl.com\\\/\",\"name\":\"ACE DL\",\"description\":\"Expertise comptable\",\"publisher\":{\"@id\":\"https:\\\/\\\/acedl.com\\\/#organization\"},\"potentialAction\":[{\"@type\":\"SearchAction\",\"target\":{\"@type\":\"EntryPoint\",\"urlTemplate\":\"https:\\\/\\\/acedl.com\\\/?s={search_term_string}\"},\"query-input\":{\"@type\":\"PropertyValueSpecification\",\"valueRequired\":true,\"valueName\":\"search_term_string\"}}],\"inLanguage\":\"fr-FR\"},{\"@type\":\"Organization\",\"@id\":\"https:\\\/\\\/acedl.com\\\/#organization\",\"name\":\"ACEDL\",\"url\":\"https:\\\/\\\/acedl.com\\\/\",\"logo\":{\"@type\":\"ImageObject\",\"inLanguage\":\"fr-FR\",\"@id\":\"https:\\\/\\\/acedl.com\\\/#\\\/schema\\\/logo\\\/image\\\/\",\"url\":\"https:\\\/\\\/acedl.com\\\/wp-content\\\/uploads\\\/2021\\\/05\\\/cropped-Capture.png\",\"contentUrl\":\"https:\\\/\\\/acedl.com\\\/wp-content\\\/uploads\\\/2021\\\/05\\\/cropped-Capture.png\",\"width\":388,\"height\":125,\"caption\":\"ACEDL\"},\"image\":{\"@id\":\"https:\\\/\\\/acedl.com\\\/#\\\/schema\\\/logo\\\/image\\\/\"}}]}<\/script>\n<!-- \/ Yoast SEO plugin. -->","yoast_head_json":{"title":"Mission mise en place RGPD - ACE DL","robots":{"index":"index","follow":"follow","max-snippet":"max-snippet:-1","max-image-preview":"max-image-preview:large","max-video-preview":"max-video-preview:-1"},"canonical":"https:\/\/acedl.com\/index.php\/mission-mise-en-place-rgpd\/","og_locale":"fr_FR","og_type":"article","og_title":"Mission mise en place RGPD - ACE DL","og_description":"RGPD : R\u00e8glement g\u00e9n\u00e9ral sur la protection des donn\u00e9es Le RGPD est un dispositif obligeant toute entreprise \u00e0 s\u00e9curiser les informations relatives \u00e0 une personne. Ainsi les principales donn\u00e9es vis\u00e9es ...","og_url":"https:\/\/acedl.com\/index.php\/mission-mise-en-place-rgpd\/","og_site_name":"ACE DL","article_modified_time":"2021-08-26T13:51:39+00:00","twitter_card":"summary_large_image","twitter_misc":{"Dur\u00e9e de lecture estim\u00e9e":"1 minute"},"schema":{"@context":"https:\/\/schema.org","@graph":[{"@type":"WebPage","@id":"https:\/\/acedl.com\/index.php\/mission-mise-en-place-rgpd\/","url":"https:\/\/acedl.com\/index.php\/mission-mise-en-place-rgpd\/","name":"Mission mise en place RGPD - ACE DL","isPartOf":{"@id":"https:\/\/acedl.com\/#website"},"datePublished":"2021-08-26T13:18:25+00:00","dateModified":"2021-08-26T13:51:39+00:00","breadcrumb":{"@id":"https:\/\/acedl.com\/index.php\/mission-mise-en-place-rgpd\/#breadcrumb"},"inLanguage":"fr-FR","potentialAction":[{"@type":"ReadAction","target":["https:\/\/acedl.com\/index.php\/mission-mise-en-place-rgpd\/"]}]},{"@type":"BreadcrumbList","@id":"https:\/\/acedl.com\/index.php\/mission-mise-en-place-rgpd\/#breadcrumb","itemListElement":[{"@type":"ListItem","position":1,"name":"Accueil","item":"https:\/\/acedl.com\/"},{"@type":"ListItem","position":2,"name":"Mission mise en place RGPD"}]},{"@type":"WebSite","@id":"https:\/\/acedl.com\/#website","url":"https:\/\/acedl.com\/","name":"ACE DL","description":"Expertise comptable","publisher":{"@id":"https:\/\/acedl.com\/#organization"},"potentialAction":[{"@type":"SearchAction","target":{"@type":"EntryPoint","urlTemplate":"https:\/\/acedl.com\/?s={search_term_string}"},"query-input":{"@type":"PropertyValueSpecification","valueRequired":true,"valueName":"search_term_string"}}],"inLanguage":"fr-FR"},{"@type":"Organization","@id":"https:\/\/acedl.com\/#organization","name":"ACEDL","url":"https:\/\/acedl.com\/","logo":{"@type":"ImageObject","inLanguage":"fr-FR","@id":"https:\/\/acedl.com\/#\/schema\/logo\/image\/","url":"https:\/\/acedl.com\/wp-content\/uploads\/2021\/05\/cropped-Capture.png","contentUrl":"https:\/\/acedl.com\/wp-content\/uploads\/2021\/05\/cropped-Capture.png","width":388,"height":125,"caption":"ACEDL"},"image":{"@id":"https:\/\/acedl.com\/#\/schema\/logo\/image\/"}}]}},"_links":{"self":[{"href":"https:\/\/acedl.com\/index.php\/wp-json\/wp\/v2\/pages\/1634","targetHints":{"allow":["GET"]}}],"collection":[{"href":"https:\/\/acedl.com\/index.php\/wp-json\/wp\/v2\/pages"}],"about":[{"href":"https:\/\/acedl.com\/index.php\/wp-json\/wp\/v2\/types\/page"}],"author":[{"embeddable":true,"href":"https:\/\/acedl.com\/index.php\/wp-json\/wp\/v2\/users\/1"}],"replies":[{"embeddable":true,"href":"https:\/\/acedl.com\/index.php\/wp-json\/wp\/v2\/comments?post=1634"}],"version-history":[{"count":2,"href":"https:\/\/acedl.com\/index.php\/wp-json\/wp\/v2\/pages\/1634\/revisions"}],"predecessor-version":[{"id":1673,"href":"https:\/\/acedl.com\/index.php\/wp-json\/wp\/v2\/pages\/1634\/revisions\/1673"}],"wp:attachment":[{"href":"https:\/\/acedl.com\/index.php\/wp-json\/wp\/v2\/media?parent=1634"}],"curies":[{"name":"wp","href":"https:\/\/api.w.org\/{rel}","templated":true}]}}