{"id":29,"date":"2021-05-10T10:09:47","date_gmt":"2021-05-10T08:09:47","guid":{"rendered":"http:\/\/qiexyqf.cluster030.hosting.ovh.net\/?page_id=29"},"modified":"2023-03-18T11:22:13","modified_gmt":"2023-03-18T10:22:13","slug":"accueil","status":"publish","type":"page","link":"https:\/\/acedl.com\/","title":{"rendered":"Accueil"},"content":{"rendered":"<h1>ACE DL, cabinet d&rsquo;expertise comptable \u00e0 Bruges<\/h1>\n<p>Situ\u00e9 \u00e0 Bruges pr\u00e8s de Bordeaux, le cabinet\u00a0expert comptable bordeaux\u00a0ACE DL vous propose son expertise comptable. Les comp\u00e9tences de l&rsquo;expert-comptable associ\u00e9es \u00e0 sa proximit\u00e9 avec les dirigeants permettent l&rsquo;accompagnement de votre entreprise.<\/p>\n<p>Nous intervenons d\u00e8s la cr\u00e9ation de votre entreprise. Nous constituons le dossier \u00e9conomique, financier, et vous assistons dans le choix du statut fiscal, social et juridique.<\/p>\n<p>Lors du d\u00e9veloppement de votre entreprise, nous vous conseillons dans la gestion, en fiscalit\u00e9 et en mati\u00e8re sociale.<\/p>\n<p>Nous effectuons aussi la comptabilit\u00e9 analytique, le contr\u00f4le interne, l&rsquo;organisation administrative, comptable et informatique.<\/p>\n<p>Nos services vont jusqu&rsquo;\u00e0 la transmission ou la reprise de l&rsquo;entreprise par l&rsquo;audit d&rsquo;acquisition, la valorisation, l&rsquo;aide au choix du financement et l&rsquo;optimisation fiscale.<br \/>\nL\u2019expert comptable prend en compte les sp\u00e9cificit\u00e9s des diff\u00e9rentes activit\u00e9s : associations, artisans, soci\u00e9t\u00e9s, collectivit\u00e9s territoriales.<\/p>\n<p><a href=\"https:\/\/acedl.com\/index.php\/contactez-nous\/\">contactez nous<\/a><\/p>\n<p>cabinet expert comptable bordeaux<\/p>\n<p><iframe style=\"border: none; overflow: hidden; height: 22px; min-width: 188px;\" src=\"https:\/\/www.opinionsystem.fr\/company_rating.php?company_id=204&amp;rating_key=fca86bb459273a6351e7f71791b8ce42&amp;language=fr-FR&amp;text_color=000000\" frameborder=\"0\" scrolling=\"no\"><\/iframe><\/p>\n<p>&nbsp;<\/p>\n<p><img loading=\"lazy\" decoding=\"async\" class=\"wp-image-1444 size-medium\" title=\"cabinet expert comptable bordeaux\u00a0\" src=\"https:\/\/acedl.com\/wp-content\/uploads\/2021\/05\/cropped-favicon-300x300.png\" alt=\"cabinet expert comptable bordeaux\u00a0\" width=\"300\" height=\"300\" srcset=\"https:\/\/acedl.com\/wp-content\/uploads\/2021\/05\/cropped-favicon-300x300.png 300w, https:\/\/acedl.com\/wp-content\/uploads\/2021\/05\/cropped-favicon-150x150.png 150w, https:\/\/acedl.com\/wp-content\/uploads\/2021\/05\/cropped-favicon-270x270.png 270w, https:\/\/acedl.com\/wp-content\/uploads\/2021\/05\/cropped-favicon-192x192.png 192w, https:\/\/acedl.com\/wp-content\/uploads\/2021\/05\/cropped-favicon-180x180.png 180w, https:\/\/acedl.com\/wp-content\/uploads\/2021\/05\/cropped-favicon-32x32.png 32w, https:\/\/acedl.com\/wp-content\/uploads\/2021\/05\/cropped-favicon.png 512w\" sizes=\"auto, (max-width: 300px) 100vw, 300px\" \/><\/p>\n<p>&nbsp;<\/p>\n","protected":false},"excerpt":{"rendered":"<p>ACE DL, cabinet d&rsquo;expertise comptable \u00e0 Bruges Situ\u00e9 \u00e0 Bruges pr\u00e8s de Bordeaux, le cabinet\u00a0expert comptable bordeaux\u00a0ACE DL vous propose son expertise comptable. Les comp\u00e9tences de l&rsquo;expert-comptable associ\u00e9es \u00e0 sa &#8230;<\/p>\n","protected":false},"author":1,"featured_media":0,"parent":0,"menu_order":0,"comment_status":"closed","ping_status":"closed","template":"template-frontpage.php","meta":{"footnotes":""},"class_list":["post-29","page","type-page","status-publish","hentry"],"yoast_head":"<!-- This site is optimized with the Yoast SEO plugin v27.4 - https:\/\/yoast.com\/product\/yoast-seo-wordpress\/ -->\n<title>Cabinet Comptable ACE DL \u00e0 Bruges - Une \u00e9quipe d\u00e9di\u00e9e \u00e0 votre \u00e9coute !<\/title>\n<meta name=\"description\" content=\"Vous CR\u00c9EZ ou REPRENEZ une entreprise? Vous souhaitez OPTIMISER la fiscalit\u00e9 de VOTRE Entreprise? ACE DL vous accompagne de A \u00e0 Z \u00e0 Bordeaux!\" \/>\n<meta name=\"robots\" content=\"index, follow, max-snippet:-1, max-image-preview:large, max-video-preview:-1\" \/>\n<link rel=\"canonical\" href=\"https:\/\/acedl.com\/\" \/>\n<meta property=\"og:locale\" content=\"fr_FR\" \/>\n<meta property=\"og:type\" content=\"article\" \/>\n<meta property=\"og:title\" content=\"Cabinet Comptable ACE DL \u00e0 Bruges - Une \u00e9quipe d\u00e9di\u00e9e \u00e0 votre \u00e9coute !\" \/>\n<meta property=\"og:description\" content=\"Vous CR\u00c9EZ ou REPRENEZ une entreprise? Vous souhaitez OPTIMISER la fiscalit\u00e9 de VOTRE Entreprise? ACE DL vous accompagne de A \u00e0 Z \u00e0 Bordeaux!\" \/>\n<meta property=\"og:url\" content=\"https:\/\/acedl.com\/\" \/>\n<meta property=\"og:site_name\" content=\"ACE DL\" \/>\n<meta property=\"article:modified_time\" content=\"2023-03-18T10:22:13+00:00\" \/>\n<meta property=\"og:image\" content=\"https:\/\/acedl.com\/wp-content\/uploads\/2021\/05\/cropped-favicon-300x300.png\" \/>\n<meta name=\"twitter:card\" content=\"summary_large_image\" \/>\n<meta name=\"twitter:label1\" content=\"Dur\u00e9e de lecture estim\u00e9e\" \/>\n\t<meta name=\"twitter:data1\" content=\"1 minute\" \/>\n<script type=\"application\/ld+json\" class=\"yoast-schema-graph\">{\"@context\":\"https:\\\/\\\/schema.org\",\"@graph\":[{\"@type\":\"WebPage\",\"@id\":\"https:\\\/\\\/acedl.com\\\/\",\"url\":\"https:\\\/\\\/acedl.com\\\/\",\"name\":\"Cabinet Comptable ACE DL \u00e0 Bruges - Une \u00e9quipe d\u00e9di\u00e9e \u00e0 votre \u00e9coute !\",\"isPartOf\":{\"@id\":\"https:\\\/\\\/acedl.com\\\/#website\"},\"primaryImageOfPage\":{\"@id\":\"https:\\\/\\\/acedl.com\\\/#primaryimage\"},\"image\":{\"@id\":\"https:\\\/\\\/acedl.com\\\/#primaryimage\"},\"thumbnailUrl\":\"https:\\\/\\\/acedl.com\\\/wp-content\\\/uploads\\\/2021\\\/05\\\/cropped-favicon-300x300.png\",\"datePublished\":\"2021-05-10T08:09:47+00:00\",\"dateModified\":\"2023-03-18T10:22:13+00:00\",\"description\":\"Vous CR\u00c9EZ ou REPRENEZ une entreprise? Vous souhaitez OPTIMISER la fiscalit\u00e9 de VOTRE Entreprise? ACE DL vous accompagne de A \u00e0 Z \u00e0 Bordeaux!\",\"breadcrumb\":{\"@id\":\"https:\\\/\\\/acedl.com\\\/#breadcrumb\"},\"inLanguage\":\"fr-FR\",\"potentialAction\":[{\"@type\":\"ReadAction\",\"target\":[\"https:\\\/\\\/acedl.com\\\/\"]}]},{\"@type\":\"ImageObject\",\"inLanguage\":\"fr-FR\",\"@id\":\"https:\\\/\\\/acedl.com\\\/#primaryimage\",\"url\":\"https:\\\/\\\/acedl.com\\\/wp-content\\\/uploads\\\/2021\\\/05\\\/cropped-favicon.png\",\"contentUrl\":\"https:\\\/\\\/acedl.com\\\/wp-content\\\/uploads\\\/2021\\\/05\\\/cropped-favicon.png\",\"width\":512,\"height\":512},{\"@type\":\"BreadcrumbList\",\"@id\":\"https:\\\/\\\/acedl.com\\\/#breadcrumb\",\"itemListElement\":[{\"@type\":\"ListItem\",\"position\":1,\"name\":\"Accueil\",\"item\":\"https:\\\/\\\/acedl.com\\\/\"},{\"@type\":\"ListItem\",\"position\":2,\"name\":\"Accueil\"}]},{\"@type\":\"WebSite\",\"@id\":\"https:\\\/\\\/acedl.com\\\/#website\",\"url\":\"https:\\\/\\\/acedl.com\\\/\",\"name\":\"ACE DL\",\"description\":\"Expertise comptable\",\"publisher\":{\"@id\":\"https:\\\/\\\/acedl.com\\\/#organization\"},\"potentialAction\":[{\"@type\":\"SearchAction\",\"target\":{\"@type\":\"EntryPoint\",\"urlTemplate\":\"https:\\\/\\\/acedl.com\\\/?s={search_term_string}\"},\"query-input\":{\"@type\":\"PropertyValueSpecification\",\"valueRequired\":true,\"valueName\":\"search_term_string\"}}],\"inLanguage\":\"fr-FR\"},{\"@type\":\"Organization\",\"@id\":\"https:\\\/\\\/acedl.com\\\/#organization\",\"name\":\"ACEDL\",\"url\":\"https:\\\/\\\/acedl.com\\\/\",\"logo\":{\"@type\":\"ImageObject\",\"inLanguage\":\"fr-FR\",\"@id\":\"https:\\\/\\\/acedl.com\\\/#\\\/schema\\\/logo\\\/image\\\/\",\"url\":\"https:\\\/\\\/acedl.com\\\/wp-content\\\/uploads\\\/2021\\\/05\\\/cropped-Capture.png\",\"contentUrl\":\"https:\\\/\\\/acedl.com\\\/wp-content\\\/uploads\\\/2021\\\/05\\\/cropped-Capture.png\",\"width\":388,\"height\":125,\"caption\":\"ACEDL\"},\"image\":{\"@id\":\"https:\\\/\\\/acedl.com\\\/#\\\/schema\\\/logo\\\/image\\\/\"}}]}<\/script>\n<!-- \/ Yoast SEO plugin. -->","yoast_head_json":{"title":"Cabinet Comptable ACE DL \u00e0 Bruges - Une \u00e9quipe d\u00e9di\u00e9e \u00e0 votre \u00e9coute !","description":"Vous CR\u00c9EZ ou REPRENEZ une entreprise? Vous souhaitez OPTIMISER la fiscalit\u00e9 de VOTRE Entreprise? ACE DL vous accompagne de A \u00e0 Z \u00e0 Bordeaux!","robots":{"index":"index","follow":"follow","max-snippet":"max-snippet:-1","max-image-preview":"max-image-preview:large","max-video-preview":"max-video-preview:-1"},"canonical":"https:\/\/acedl.com\/","og_locale":"fr_FR","og_type":"article","og_title":"Cabinet Comptable ACE DL \u00e0 Bruges - Une \u00e9quipe d\u00e9di\u00e9e \u00e0 votre \u00e9coute !","og_description":"Vous CR\u00c9EZ ou REPRENEZ une entreprise? Vous souhaitez OPTIMISER la fiscalit\u00e9 de VOTRE Entreprise? ACE DL vous accompagne de A \u00e0 Z \u00e0 Bordeaux!","og_url":"https:\/\/acedl.com\/","og_site_name":"ACE DL","article_modified_time":"2023-03-18T10:22:13+00:00","og_image":[{"url":"https:\/\/acedl.com\/wp-content\/uploads\/2021\/05\/cropped-favicon-300x300.png","type":"","width":"","height":""}],"twitter_card":"summary_large_image","twitter_misc":{"Dur\u00e9e de lecture estim\u00e9e":"1 minute"},"schema":{"@context":"https:\/\/schema.org","@graph":[{"@type":"WebPage","@id":"https:\/\/acedl.com\/","url":"https:\/\/acedl.com\/","name":"Cabinet Comptable ACE DL \u00e0 Bruges - Une \u00e9quipe d\u00e9di\u00e9e \u00e0 votre \u00e9coute !","isPartOf":{"@id":"https:\/\/acedl.com\/#website"},"primaryImageOfPage":{"@id":"https:\/\/acedl.com\/#primaryimage"},"image":{"@id":"https:\/\/acedl.com\/#primaryimage"},"thumbnailUrl":"https:\/\/acedl.com\/wp-content\/uploads\/2021\/05\/cropped-favicon-300x300.png","datePublished":"2021-05-10T08:09:47+00:00","dateModified":"2023-03-18T10:22:13+00:00","description":"Vous CR\u00c9EZ ou REPRENEZ une entreprise? Vous souhaitez OPTIMISER la fiscalit\u00e9 de VOTRE Entreprise? ACE DL vous accompagne de A \u00e0 Z \u00e0 Bordeaux!","breadcrumb":{"@id":"https:\/\/acedl.com\/#breadcrumb"},"inLanguage":"fr-FR","potentialAction":[{"@type":"ReadAction","target":["https:\/\/acedl.com\/"]}]},{"@type":"ImageObject","inLanguage":"fr-FR","@id":"https:\/\/acedl.com\/#primaryimage","url":"https:\/\/acedl.com\/wp-content\/uploads\/2021\/05\/cropped-favicon.png","contentUrl":"https:\/\/acedl.com\/wp-content\/uploads\/2021\/05\/cropped-favicon.png","width":512,"height":512},{"@type":"BreadcrumbList","@id":"https:\/\/acedl.com\/#breadcrumb","itemListElement":[{"@type":"ListItem","position":1,"name":"Accueil","item":"https:\/\/acedl.com\/"},{"@type":"ListItem","position":2,"name":"Accueil"}]},{"@type":"WebSite","@id":"https:\/\/acedl.com\/#website","url":"https:\/\/acedl.com\/","name":"ACE DL","description":"Expertise comptable","publisher":{"@id":"https:\/\/acedl.com\/#organization"},"potentialAction":[{"@type":"SearchAction","target":{"@type":"EntryPoint","urlTemplate":"https:\/\/acedl.com\/?s={search_term_string}"},"query-input":{"@type":"PropertyValueSpecification","valueRequired":true,"valueName":"search_term_string"}}],"inLanguage":"fr-FR"},{"@type":"Organization","@id":"https:\/\/acedl.com\/#organization","name":"ACEDL","url":"https:\/\/acedl.com\/","logo":{"@type":"ImageObject","inLanguage":"fr-FR","@id":"https:\/\/acedl.com\/#\/schema\/logo\/image\/","url":"https:\/\/acedl.com\/wp-content\/uploads\/2021\/05\/cropped-Capture.png","contentUrl":"https:\/\/acedl.com\/wp-content\/uploads\/2021\/05\/cropped-Capture.png","width":388,"height":125,"caption":"ACEDL"},"image":{"@id":"https:\/\/acedl.com\/#\/schema\/logo\/image\/"}}]}},"_links":{"self":[{"href":"https:\/\/acedl.com\/index.php\/wp-json\/wp\/v2\/pages\/29","targetHints":{"allow":["GET"]}}],"collection":[{"href":"https:\/\/acedl.com\/index.php\/wp-json\/wp\/v2\/pages"}],"about":[{"href":"https:\/\/acedl.com\/index.php\/wp-json\/wp\/v2\/types\/page"}],"author":[{"embeddable":true,"href":"https:\/\/acedl.com\/index.php\/wp-json\/wp\/v2\/users\/1"}],"replies":[{"embeddable":true,"href":"https:\/\/acedl.com\/index.php\/wp-json\/wp\/v2\/comments?post=29"}],"version-history":[{"count":6,"href":"https:\/\/acedl.com\/index.php\/wp-json\/wp\/v2\/pages\/29\/revisions"}],"predecessor-version":[{"id":1800,"href":"https:\/\/acedl.com\/index.php\/wp-json\/wp\/v2\/pages\/29\/revisions\/1800"}],"wp:attachment":[{"href":"https:\/\/acedl.com\/index.php\/wp-json\/wp\/v2\/media?parent=29"}],"curies":[{"name":"wp","href":"https:\/\/api.w.org\/{rel}","templated":true}]}}