{"id":46,"date":"2021-05-10T10:14:47","date_gmt":"2021-05-10T08:14:47","guid":{"rendered":"http:\/\/qiexyqf.cluster030.hosting.ovh.net\/?page_id=46"},"modified":"2026-04-06T11:38:20","modified_gmt":"2026-04-06T09:38:20","slug":"audits","status":"publish","type":"page","link":"https:\/\/acedl.com\/index.php\/audits\/","title":{"rendered":"Audits"},"content":{"rendered":"<p>Un audit efficace permet d\u2019identifier les opportunit\u00e9s d\u2019am\u00e9lioration et de garantir la<br \/>\nconformit\u00e9 de votre structure.<\/p>\n<p><strong>Nos missions d\u2019audit :<\/strong><\/p>\n<ul>\n<li>Audit contractuel et l\u00e9gal pour une meilleure gestion des risques<\/li>\n<li><strong>Appr\u00e9ciation des circuits d&rsquo;information<\/strong>, conform\u00e9ment \u00e0 la l\u00e9gislation sur la durabilit\u00e9<\/li>\n<li>\u00c9valuation des proc\u00e9dures internes et mise en conformit\u00e9<\/li>\n<li>Identification des points de vigilance et \u00e9laboration de recommandations<\/li>\n<\/ul>\n<p><strong>Notre valeur ajout\u00e9e :<\/strong> ACEDL d\u00e9tient le <strong>Pass Durabilit\u00e9<\/strong>, attestant de notre<br \/>\nengagement pour une gestion \u00e9thique et responsable.<\/p>\n","protected":false},"excerpt":{"rendered":"<p>Un audit efficace permet d\u2019identifier les opportunit\u00e9s d\u2019am\u00e9lioration et de garantir la conformit\u00e9 de votre structure. Nos missions d\u2019audit : Audit contractuel et l\u00e9gal pour une meilleure gestion des risques &#8230;<\/p>\n","protected":false},"author":1,"featured_media":0,"parent":0,"menu_order":0,"comment_status":"closed","ping_status":"closed","template":"","meta":{"footnotes":""},"class_list":["post-46","page","type-page","status-publish","hentry"],"yoast_head":"<!-- This site is optimized with the Yoast SEO plugin v27.4 - https:\/\/yoast.com\/product\/yoast-seo-wordpress\/ -->\n<title>Audits - ACE DL<\/title>\n<meta name=\"robots\" content=\"index, follow, max-snippet:-1, max-image-preview:large, max-video-preview:-1\" \/>\n<link rel=\"canonical\" href=\"https:\/\/acedl.com\/index.php\/audits\/\" \/>\n<meta property=\"og:locale\" content=\"fr_FR\" \/>\n<meta property=\"og:type\" content=\"article\" \/>\n<meta property=\"og:title\" content=\"Audits - ACE DL\" \/>\n<meta property=\"og:description\" content=\"Un audit efficace permet d\u2019identifier les opportunit\u00e9s d\u2019am\u00e9lioration et de garantir la conformit\u00e9 de votre structure. Nos missions d\u2019audit : Audit contractuel et l\u00e9gal pour une meilleure gestion des risques ...\" \/>\n<meta property=\"og:url\" content=\"https:\/\/acedl.com\/index.php\/audits\/\" \/>\n<meta property=\"og:site_name\" content=\"ACE DL\" \/>\n<meta property=\"article:modified_time\" content=\"2026-04-06T09:38:20+00:00\" \/>\n<meta name=\"twitter:card\" content=\"summary_large_image\" \/>\n<meta name=\"twitter:label1\" content=\"Dur\u00e9e de lecture estim\u00e9e\" \/>\n\t<meta name=\"twitter:data1\" content=\"1 minute\" \/>\n<script type=\"application\/ld+json\" class=\"yoast-schema-graph\">{\"@context\":\"https:\\\/\\\/schema.org\",\"@graph\":[{\"@type\":\"WebPage\",\"@id\":\"https:\\\/\\\/acedl.com\\\/index.php\\\/audits\\\/\",\"url\":\"https:\\\/\\\/acedl.com\\\/index.php\\\/audits\\\/\",\"name\":\"Audits - ACE DL\",\"isPartOf\":{\"@id\":\"https:\\\/\\\/acedl.com\\\/#website\"},\"datePublished\":\"2021-05-10T08:14:47+00:00\",\"dateModified\":\"2026-04-06T09:38:20+00:00\",\"breadcrumb\":{\"@id\":\"https:\\\/\\\/acedl.com\\\/index.php\\\/audits\\\/#breadcrumb\"},\"inLanguage\":\"fr-FR\",\"potentialAction\":[{\"@type\":\"ReadAction\",\"target\":[\"https:\\\/\\\/acedl.com\\\/index.php\\\/audits\\\/\"]}]},{\"@type\":\"BreadcrumbList\",\"@id\":\"https:\\\/\\\/acedl.com\\\/index.php\\\/audits\\\/#breadcrumb\",\"itemListElement\":[{\"@type\":\"ListItem\",\"position\":1,\"name\":\"Accueil\",\"item\":\"https:\\\/\\\/acedl.com\\\/\"},{\"@type\":\"ListItem\",\"position\":2,\"name\":\"Audits\"}]},{\"@type\":\"WebSite\",\"@id\":\"https:\\\/\\\/acedl.com\\\/#website\",\"url\":\"https:\\\/\\\/acedl.com\\\/\",\"name\":\"ACE DL\",\"description\":\"Expertise comptable\",\"publisher\":{\"@id\":\"https:\\\/\\\/acedl.com\\\/#organization\"},\"potentialAction\":[{\"@type\":\"SearchAction\",\"target\":{\"@type\":\"EntryPoint\",\"urlTemplate\":\"https:\\\/\\\/acedl.com\\\/?s={search_term_string}\"},\"query-input\":{\"@type\":\"PropertyValueSpecification\",\"valueRequired\":true,\"valueName\":\"search_term_string\"}}],\"inLanguage\":\"fr-FR\"},{\"@type\":\"Organization\",\"@id\":\"https:\\\/\\\/acedl.com\\\/#organization\",\"name\":\"ACEDL\",\"url\":\"https:\\\/\\\/acedl.com\\\/\",\"logo\":{\"@type\":\"ImageObject\",\"inLanguage\":\"fr-FR\",\"@id\":\"https:\\\/\\\/acedl.com\\\/#\\\/schema\\\/logo\\\/image\\\/\",\"url\":\"https:\\\/\\\/acedl.com\\\/wp-content\\\/uploads\\\/2021\\\/05\\\/cropped-Capture.png\",\"contentUrl\":\"https:\\\/\\\/acedl.com\\\/wp-content\\\/uploads\\\/2021\\\/05\\\/cropped-Capture.png\",\"width\":388,\"height\":125,\"caption\":\"ACEDL\"},\"image\":{\"@id\":\"https:\\\/\\\/acedl.com\\\/#\\\/schema\\\/logo\\\/image\\\/\"}}]}<\/script>\n<!-- \/ Yoast SEO plugin. -->","yoast_head_json":{"title":"Audits - ACE DL","robots":{"index":"index","follow":"follow","max-snippet":"max-snippet:-1","max-image-preview":"max-image-preview:large","max-video-preview":"max-video-preview:-1"},"canonical":"https:\/\/acedl.com\/index.php\/audits\/","og_locale":"fr_FR","og_type":"article","og_title":"Audits - ACE DL","og_description":"Un audit efficace permet d\u2019identifier les opportunit\u00e9s d\u2019am\u00e9lioration et de garantir la conformit\u00e9 de votre structure. Nos missions d\u2019audit : Audit contractuel et l\u00e9gal pour une meilleure gestion des risques ...","og_url":"https:\/\/acedl.com\/index.php\/audits\/","og_site_name":"ACE DL","article_modified_time":"2026-04-06T09:38:20+00:00","twitter_card":"summary_large_image","twitter_misc":{"Dur\u00e9e de lecture estim\u00e9e":"1 minute"},"schema":{"@context":"https:\/\/schema.org","@graph":[{"@type":"WebPage","@id":"https:\/\/acedl.com\/index.php\/audits\/","url":"https:\/\/acedl.com\/index.php\/audits\/","name":"Audits - ACE DL","isPartOf":{"@id":"https:\/\/acedl.com\/#website"},"datePublished":"2021-05-10T08:14:47+00:00","dateModified":"2026-04-06T09:38:20+00:00","breadcrumb":{"@id":"https:\/\/acedl.com\/index.php\/audits\/#breadcrumb"},"inLanguage":"fr-FR","potentialAction":[{"@type":"ReadAction","target":["https:\/\/acedl.com\/index.php\/audits\/"]}]},{"@type":"BreadcrumbList","@id":"https:\/\/acedl.com\/index.php\/audits\/#breadcrumb","itemListElement":[{"@type":"ListItem","position":1,"name":"Accueil","item":"https:\/\/acedl.com\/"},{"@type":"ListItem","position":2,"name":"Audits"}]},{"@type":"WebSite","@id":"https:\/\/acedl.com\/#website","url":"https:\/\/acedl.com\/","name":"ACE DL","description":"Expertise comptable","publisher":{"@id":"https:\/\/acedl.com\/#organization"},"potentialAction":[{"@type":"SearchAction","target":{"@type":"EntryPoint","urlTemplate":"https:\/\/acedl.com\/?s={search_term_string}"},"query-input":{"@type":"PropertyValueSpecification","valueRequired":true,"valueName":"search_term_string"}}],"inLanguage":"fr-FR"},{"@type":"Organization","@id":"https:\/\/acedl.com\/#organization","name":"ACEDL","url":"https:\/\/acedl.com\/","logo":{"@type":"ImageObject","inLanguage":"fr-FR","@id":"https:\/\/acedl.com\/#\/schema\/logo\/image\/","url":"https:\/\/acedl.com\/wp-content\/uploads\/2021\/05\/cropped-Capture.png","contentUrl":"https:\/\/acedl.com\/wp-content\/uploads\/2021\/05\/cropped-Capture.png","width":388,"height":125,"caption":"ACEDL"},"image":{"@id":"https:\/\/acedl.com\/#\/schema\/logo\/image\/"}}]}},"_links":{"self":[{"href":"https:\/\/acedl.com\/index.php\/wp-json\/wp\/v2\/pages\/46","targetHints":{"allow":["GET"]}}],"collection":[{"href":"https:\/\/acedl.com\/index.php\/wp-json\/wp\/v2\/pages"}],"about":[{"href":"https:\/\/acedl.com\/index.php\/wp-json\/wp\/v2\/types\/page"}],"author":[{"embeddable":true,"href":"https:\/\/acedl.com\/index.php\/wp-json\/wp\/v2\/users\/1"}],"replies":[{"embeddable":true,"href":"https:\/\/acedl.com\/index.php\/wp-json\/wp\/v2\/comments?post=46"}],"version-history":[{"count":4,"href":"https:\/\/acedl.com\/index.php\/wp-json\/wp\/v2\/pages\/46\/revisions"}],"predecessor-version":[{"id":1858,"href":"https:\/\/acedl.com\/index.php\/wp-json\/wp\/v2\/pages\/46\/revisions\/1858"}],"wp:attachment":[{"href":"https:\/\/acedl.com\/index.php\/wp-json\/wp\/v2\/media?parent=46"}],"curies":[{"name":"wp","href":"https:\/\/api.w.org\/{rel}","templated":true}]}}